 = 4*f + 23, m*p + 30 = -5*f. List the prime factors of (-68)/(-4)*f/(-2).
17
Suppose 4*w = -3*z + 7440, 0*z - 5*z + 4*w = -12432. List the prime factors of z.
2, 3, 23
List the prime factors of (-8)/(-6)*-3 - (6 - 289).
3, 31
Let m(l) be the first derivative of 5*l**3/3 - 5*l**2/2 + 6*l - 1. Let y be (-45)/18*((-54)/15 + 2). List the prime factors of m(y).
2, 3, 11
Suppose 4*f - 4*r = -28, -5*r - 7 = 3*f - 2. What are the prime factors of 0/f - (-50)/1?
2, 5
Let s(a) = 33*a**2 + 5*a. List the prime factors of s(-2).
2, 61
What are the prime factors of -2*5/(25/(-215)) - -1?
3, 29
Suppose -9*y + 20 = -5*y. Let k be 219/6 - y/10. Suppose -c - 3*c - 4*p + k = 0, 4*p = 2*c - 18. What are the prime factors of c?
3
Let u(l) = l**3 + 11*l**2 + 10*l + 2. Let a be u(-10). Suppose 0 = p - 4*m - 2, 0 = -a*p - p - 5*m - 11. What are the prime factors of 3 - 4 - 6/p?
2
What are the prime factors of ((-7284)/16)/((-33)/88)*2?
2, 607
Let n = 12 + -18. Let j = 196 - n. Suppose -g + 54 = 4*o, 2*g = -3*g - 3*o + j. List the prime factors of g.
2, 19
Suppose 5*h + u = 22 - 5, 0 = -u + 2. Suppose 4*a - 151 = -3*x, -a = x - h - 36. List the prime factors of a.
2, 17
Let k = 57 + -30. Let s = 45 - k. What are the prime factors of 573/s - (-1)/6?
2
Let z = -1175 - -2246. What are the prime factors of z?
3, 7, 17
Let g(m) = m**2 - m + 69. Let f be g(0). Let p = -45 + f. List the prime factors of p.
2, 3
Let u = 502 - -28. List the prime factors of u.
2, 5, 53
Let o be (-4)/1 + 231/33. What are the prime factors of (-6)/2*(-59)/o?
59
Let x be 8/(5/(50/(-4))). Let y be (-4)/(-10) + (-152)/x. What are the prime factors of ((-2)/2 + y)/1?
7
What are the prime factors of (-1)/((-10)/10 + 674/675)?
3, 5
Let z be (-2)/(-7) - (-17)/(595/90990). What are the prime factors of (-3 - 0)/(-4 + z/656)?
2, 41
Let g(t) = -t**2 - 6*t + 9. Let j be g(-7). What are the prime factors of (148/10 - j)*10?
2
Let w = 2527 - 1467. List the prime factors of w.
2, 5, 53
Let c(p) = -p**2 - 24*p + 114. List the prime factors of c(-25).
89
List the prime factors of 275/(0 + 11) - 8/(-2).
29
Let b = 25 - 84. Suppose -2*x + 410 = -7*x. Let n = b - x. What are the prime factors of n?
23
Let x(v) = -v + 11. Let r be x(8). Let t = 5 - r. Suppose p - 87 = -t*p. What are the prime factors of p?
29
Suppose -4*y - 24 = -b, 3*y - 3 = b - 22. Suppose b*p - 3*c - c - 360 = 0, 2*c - 280 = -3*p. List the prime factors of p.
2, 23
Let i = 56 - 54. Suppose 3*p + i*k - 215 = -2*k, 5*k = 25. List the prime factors of p.
5, 13
Suppose -100*u + 131*u = 117924. What are the prime factors of u?
2, 3, 317
Suppose -3*s - 11*m = -14*m - 3993, -2*m + 1331 = s. What are the prime factors of s?
11
Suppose -1879 = -4*f - 5*w, 5*f - 2167 = 3*w + 191. List the prime factors of f.
3, 157
Let g = 751 + -592. List the prime factors of g.
3, 53
Suppose 6*m - 48724 = -20*m. What are the prime factors of m?
2, 937
Let m(a) = -3*a + 11. Let c be m(13). Let s = 3 - c. What are the prime factors of s?
31
Let k(y) = 6*y**2 - 219*y - 12. List the prime factors of k(38).
2, 3, 5, 11
Suppose -q + 3*b = -0*b + 11, 3*q - 23 = -5*b. Let z(c) = 27*c**3 + c**2 - c. List the prime factors of z(q).
3
Let n be 2*(-2)/5*-5. Suppose -2*m + 5 = -2*j - 5*m, n*j - 2*m = 30. List the prime factors of ((-28)/10)/((-2)/j).
7
Suppose u = 4*j - 113, -2*u + 4*j = 125 + 85. List the prime factors of u*(-2)/6*3.
97
Suppose -4*f + 5*h - 78 = -615, -3*h - 143 = -f. Suppose l + f = 5*l. What are the prime factors of l?
2
Let k(z) = z**2 - 6*z + 6. Let a(u) = -u + 13. Let h be a(7). Let m be k(h). Suppose -m*r + 48 = -2*r. List the prime factors of r.
2, 3
Let y = 567 + -270. What are the prime factors of y?
3, 11
Suppose 0 = 5*r + 5*o + 5 - 0, 4*r = o - 9. List the prime factors of (r/(-4))/(((-7)/1414)/(-1)).
101
Suppose -7032 - 1878 = -10*t. What are the prime factors of t?
3, 11
Suppose -s = 4*a - 66, 2*s - a + 2*a = 160. Suppose s = o - 77. What are the prime factors of o?
3, 53
List the prime factors of 12750/16 + (0 - 13/(-104)).
797
Suppose -5*x + 6 = -39. Suppose 5*n = x*n - 264. What are the prime factors of n?
2, 3, 11
Let d(g) = g**2 + g - 7. Let c be d(-4). Let i = -3 + c. What are the prime factors of i?
2
Let k(d) = -2*d**3 + 22*d**2 - 30*d - 8. Let z be k(10). Suppose -17 - 41 = -5*u - 4*q, u = q + 8. List the prime factors of (z/u)/((-12)/30).
3
Suppose -3*t + 4*f + 12 = 0, -5*t - 4*f + 3*f - 3 = 0. Let s(y) = -y**2 - 9*y - 11. Let g be s(-6). Suppose t = 3*r - g*r + 28. List the prime factors of r.
7
Suppose 28710 = z + 32*z. What are the prime factors of z?
2, 3, 5, 29
Let q(v) = v**2 - 2*v + 8. Let g = 36 - 26. Let d be 1 - 2 - g/2. What are the prime factors of q(d)?
2, 7
Suppose u = -35 + 41. Suppose 174 = u*y - 234. List the prime factors of y.
2, 17
Let z(l) = l - 3. Let k be z(4). Let x be -8*k*7/(-28). Suppose j = -x*j + 81. List the prime factors of j.
3
Suppose -8*l + 4294 = -4314. List the prime factors of l.
2, 269
Suppose c + 6*c = 3948. Let r = c - 1675. What are the prime factors of 1/(-2) - r/22?
2, 5
Suppose 12*d - 11473 = d. List the prime factors of d.
7, 149
Suppose -12*a + 1428 = -16*a. Let q = -245 - a. List the prime factors of q.
2, 7
Let c be 3/(-4)*-2*4/(-3). Let j(b) = -4*b**3 + b**2 - b + 2. What are the prime factors of j(c)?
2, 5
Let l = 14 - -23. Let u = l + 9. What are the prime factors of u?
2, 23
Suppose -2*k - 4*s + 497 = -1403, k - 985 = 5*s. What are the prime factors of k?
2, 3, 5
Let d(y) = 3*y**3 - 9*y**2 - 2*y - 5. Let z = -2 + -3. Let r be z/((-5)/3) + 1. What are the prime factors of d(r)?
5, 7
Suppose -3*d - 2*g + 15 = 0, -4*g - 3 = -0*d - 5*d. Suppose b = -d*b + 16. List the prime factors of b - -8*(-15)/(-3).
2, 11
Suppose 3*r - 2 - 3 = -5*s, 5*s = 5*r - 75. Let p(o) = o**2 + 11*o - 23. List the prime factors of p(r).
11, 17
Suppose 3*j = 3*t - 99, j + 5*t + 5 - 2 = 0. List the prime factors of (-1748)/j - 6/(-63)*6.
3, 7
Let h = -68 - -140. List the prime factors of h.
2, 3
Suppose 18 = 5*g - 152. Suppose -5*h - 4*a + 20 = a, -2*a + 17 = 5*h. Suppose -4*f - 4*t + g = -34, h*f + 4*t = 53. List the prime factors of f.
3, 5
Let z = 1717 - -501. What are the prime factors of z?
2, 1109
Suppose -5*g - g = -2184. What are the prime factors of g?
2, 7, 13
Let g(p) = -p**2 - 4*p + 6. Let c be g(-5). Let r be c*((-4)/4 + 58). Let d = -35 + r. List the prime factors of d.
2, 11
Suppose 1 = r, 0*w + 504 = 4*w + 4*r. Suppose 0 = 2*s + y - 133 - w, -5*y = 0. What are the prime factors of s?
3, 43
Let t = -226 + 1210. List the prime factors of t.
2, 3, 41
Suppose -291 = -p - 4*n, 3*p = 2*p + 4*n + 267. Let q = p + -164. List the prime factors of q.
5, 23
Let t(r) = -r**2 + 2*r - 2. Let l be t(2). Let f be -1*12*l/(-4). Let v(b) = b**3 + 7*b**2 - b - 2. What are the prime factors of v(f)?
2, 5
Let s(l) = -l**3 + 7*l + 5. Let m(w) = -w**3 + w**2 + 6*w + 5. Let f(d) = 6*m(d) - 5*s(d). Let h be f(6). Suppose -b = -h - 26. List the prime factors of b.
37
Let v(d) = 2*d + 4. Let p be v(-1). Suppose -89 - 241 = -p*f. List the prime factors of f.
3, 5, 11
What are the prime factors of 4 + -1 + 83 - 4?
2, 41
Suppose 3*s = 0, -3*u - 26*s = -24*s - 7464. List the prime factors of u.
2, 311
Suppose -4*a - 1320 - 116 = 0. Let i = a + 667. What are the prime factors of i?
2, 7, 11
Let z be (-1)/((-2)/(1 + -23)). Let j = z + 25. List the prime factors of j.
2, 7
Let g = 36 - 30. Suppose -2*h = 3*o - 173, -o + g*h - h = -35. What are the prime factors of o?
5, 11
Suppose 3*u + 3*d - 13998 = 0, 5*u + 11*d - 15*d - 23339 = 0. List the prime factors of u.
13, 359
List the prime factors of ((-974)/6)/(-1) + 39/(-117).
2, 3
Suppose -3*g - 5*s = -30, s + 2*s = 2*g - 39. Let i = 5 - g. What are the prime factors of (-214)/i + 15/25?
2, 11
Suppose 1260 = 8*y - 2*y. Suppose 0 = 4*f - 4*s - 548, -758 = -4*f - 2*s - y. What are the prime factors of f?
137
Let y(o) be the second derivative of -o**3/2 - 3*o**2/2 - 8*o. What are the prime factors of y(-18)?
3, 17
Suppose -4*h = -4*g - 419 + 127, 201 = 3*h + 3*g. Let r = h - -70. List the prime factors of r.
2, 5, 7
Let a be (-1 - (0 + -4))/1. Let n be ((-3)/a + 1)/1. Suppose 8*u - 4*u - 72 = n. List the prime factors of u.
2, 3
Suppose 0 = 44*t - 128091 - 59261. List the prime factors of